- 1/12*k**4 - 3/2*k**2 + 0. Give c(s).
-3
Let t(d) = d**2 - 5*d - 14. Let s be t(7). Let r(y) = y**2 - y - y**3 + 2*y - 4 + 0*y. Determine r(s).
-4
Let b(k) be the third derivative of k**5/60 + k**4/24 - k**2. Let a = -7 - -7. Suppose -3*v = 3*u - 9, -4*v - u = -a*v + 3. Give b(v).
2
Let a be 56/9 + 10/(-45). Suppose a = -2*n + 2. Let s(v) = 2*v**2 - 2*v + 0 + 0 - 3. Calculate s(n).
9
Let j(b) be the third derivative of -1/20*b**5 + 0*b - b**2 + 0 - 1/2*b**3 + 1/120*b**6 + 1/24*b**4. Calculate j(3).
0
Let p(q) = 2*q - 3. Let a be p(4). Suppose 0*b = 2*b - 22. Suppose 3*r - 8*r - b = 3*m, a*r - 4*m + 32 = 0. Let s(o) = -o - 1. Calculate s(r).
3
Let b = -5 - -7. Let w(f) = -1 + 4*f - 2*f + 2*f - 2*f. Let m(p) = -p. Let g(h) = 4*m(h) + w(h). Determine g(b).
-5
Let b be -1*(5 - (6 - -2)). Let u(z) = z**2 - 2*z. Determine u(b).
3
Let j = 101/24 + -33/8. Let r(c) be the second derivative of 5*c - c**3 + 0 - j*c**4 - 5/2*c**2. What is r(-5)?
0
Let i(h) = h**2 + 2*h. Let p be 22/(-12) - 4/24. Give i(p).
0
Let z = 3 + 0. Suppose 3*w - 23 = 5*g, -3*g + w + z = -4*g. Let y(h) be the third derivative of -h**4/24 - h**3/6 + 6*h**2. Determine y(g).
3
Let g(c) = 2*c + 2*c + 7 - 3*c. Let l = -1 - 1. Let z be l/12 - (-29)/(-6). Give g(z).
2
Let o be (129/(-86))/((-2)/((-40)/6)). Let r(u) = u + 6. Give r(o).
1
Let g(f) be the third derivative of -f**5/30 - f**4/6 + 5*f**3/6 + 29*f**2. Give g(-4).
-11
Let d(z) = 42*z**2 - 12*z**2 - 13*z**2 + 3 - 15*z**2 - 5*z. Determine d(3).
6
Suppose -4 = 7*u - 25. Let h(a) = a**2 - 6*a + 3. What is h(u)?
-6
Let i be (3*(-8)/30)/(2/5). Let u(q) be the first derivative of 0*q - 1/3*q**3 - 2 + 0*q**2. Give u(i).
-4
Suppose 2*z + 4*q - 1 = -9, -3*z + 5*q + 21 = 0. Let w(i) = i - 1. Give w(z).
1
Let h(u) be the first derivative of 0*u**2 + 0*u + 5 - 1/3*u**3 + 2*u**4. Calculate h(1).
7
Let b(g) = g**2 + 3*g - 4. Let p = -73 - -69. Give b(p).
0
Let c(z) be the second derivative of z**4/12 - z**3/3 - z**2 + 24*z. Determine c(3).
1
Let w(r) = -r**2 + 10*r - 5. Let k be w(11). Let t = -14 - k. Let b(o) be the first derivative of o**3 - 2*o**2 + 2*o - 1. Calculate b(t).
6
Let c(g) = 7*g + 3. Let q(j) = -j. Let p(t) = -c(t) - 6*q(t). Determine p(-6).
3
Let h(f) = 1 - 5 - f + 2. Calculate h(2).
-4
Let k(z) = -1. Let m(x) = 6*x**3 + x**2 + x + 1. Let g(u) = -2*k(u) - m(u). Give g(1).
-7
Let x = 2 - 6. Let v = x - -5. Let t = 2 - v. Let r(h) = -6*h**3 + h**2 - 1. Give r(t).
-6
Suppose 13 = 5*o - 2*l + 2, 0 = 3*o + l. Let k(g) = g**2 + g. Calculate k(o).
2
Let f be (-14)/35 - (0 - 56/(-10)). Let o(h) = -h**3 - 5*h**2 + 6*h - 2. What is o(f)?
-2
Suppose -5*y = n + 9, 2*n = -y - 3*y - 6. Suppose 0 = 3*g - 2*g - n. Let r(d) = 4*d**3 + d**2 - d + 1. Calculate r(g).
5
Let o(d) = 6*d - 6*d**2 + 4*d**3 - 2 - 5*d**3 - 5 + d**2. Calculate o(-6).
-7
Suppose -2*y + 20 = -i - 7*y, 0 = 3*i + 4*y + 5. Let t be 5/5 + 1 + 0. Let j(d) = 8 - 1 - 2*d + 7*d**2 - t*d**2 - d**3. Determine j(i).
-3
Let j be ((-1)/(3/(-6)))/1. Let f(n) = 2 - n**2 - 5*n + 2*n + j - 2. Suppose -2*w + 8 = 0, 2*d - d + 4*w = 13. Give f(d).
2
Let z(c) = -c**3 - 2*c**2 + 2*c. Let n be z(-3). Suppose n*m = 2*m + 2. Let t(f) = -2 + m + 2*f**2. Determine t(1).
2
Let r(n) = -2 + 9*n**2 - 4 - 4*n**2 - 8*n + n**3. Calculate r(-6).
6
Let q(c) = 10*c**2 + 3*c - 6. Let y(x) = -7*x**2 - 2*x + 4. Let l(r) = 5*q(r) + 7*y(r). Suppose 0 = -o - 2*o + 9. Suppose 0 = u + o*u. Give l(u).
-2
Let j(f) = -3*f**3 - 11*f**2 - 14*f + 6. Let i(g) = -8*g**3 - 32*g**2 - 41*g + 19. Let c(b) = -4*i(b) + 11*j(b). Give c(8).
6
Let g be (6/8)/(1/4). Let i = -7 + g. Let n(s) be the first derivative of -s**4/4 - 4*s**3/3 - 4*s - 6. Determine n(i).
-4
Let x(b) = -8*b + 2. Suppose -s = -0*s - 2*y + 13, 3*y = -5*s. Let l be 8/s*(-15)/20. Calculate x(l).
-14
Let j(v) = -6*v + 1. Let s = -15 + 14. What is j(s)?
7
Let b(x) = -x**2 - 9*x + 4 - 6*x + 19*x. Let s be (8/12)/(2/9). Suppose -k - s*n + 13 = -2, 0 = 3*k + 2*n - 24. Give b(k).
-8
Let l(k) = 9*k - 8. Let u(w) = -8*w + 7. Let i(d) = 4*l(d) + 5*u(d). Let j be (-4)/(-10)*35/(-14). Let n(x) = -1. Let g(z) = j*i(z) - 5*n(z). What is g(2)?
10
Let a(n) = -n**2 + 5*n - 6. Let z be a(4). Let p be 1/((-1)/z*2). Let l(k) be the third derivative of -k**4/6 + k**2. Calculate l(p).
-4
Let h(o) = -2 + o + 0 + 4 - o**3 - 5*o**2. Let w be 2/(-1)*(-10)/(-4). What is h(w)?
-3
Let h(l) = -13*l - 9. Let i(s) = 6*s + 5. Let b(m) = -4*h(m) - 9*i(m). Determine b(-6).
3
Let h be 1/(4/(-16)*(-6 - -2)). Let a(z) = 5*z. Calculate a(h).
5
Suppose -2*l = -0*n - 4*n, 4 = 4*l - 4*n. Let j(i) = 3*i + 14. Let s be j(-2). Let w(x) = -2*x**2 + s + 3*x**l + x**3 - x**3 + x**3. Calculate w(0).
8
Let v(u) = -6*u - 3. Let f(o) = -17*o - 8. Let d(m) = -4*f(m) + 11*v(m). Let c = 2 + 2. Suppose -4*h - 22 = x, 0 = -c*x + 2*h + 1 + 1. Give d(x).
-5
Let y(k) = k**3 - 2*k**2 - 1. Suppose -3*h - 2*v = -14, v - 6 = -h - 0*v. Let i be y(h). Let c(n) = -8*n**3 - 1. Calculate c(i).
7
Let z(m) = -4*m + 2. Let b = 2 - 9. Let h(c) = -c - 5. Let q be h(b). Determine z(q).
-6
Let s(v) be the first derivative of 13*v**2/2 - v + 28. Give s(-1).
-14
Suppose -3*m = 3*m + 36. Let z(f) = -2*f + 2. Calculate z(m).
14
Let x(v) = -v - 10. Suppose -2*u = p - u + 1, 2*p = 2*u - 22. Calculate x(p).
-4
Let v(m) = m - 1. Let l(w) = w**2 - 6*w - 1. Let t(r) = -l(r) - 4*v(r). Determine t(5).
-10
Let f be (9/18)/(2/(-24)). Let r(a) = a**2 + 5*a + 3. What is r(f)?
9
Let o(w) = w**2 + 4*w - 1. Suppose -i = i + 10. Give o(i).
4
Let k = 4 - 2. Suppose 7 = -2*v + q, 2*q = k*v - 4*v - 22. Let g(i) = i + 6. Determine g(v).
0
Let l = 1 + -1. Suppose l*d + d = -5. Let s(w) = 4 - w - 4 - 2. Calculate s(d).
3
Let m(k) = -7*k + 6*k - 3 + 0*k**3 + 4 - k**3 - 4*k**2. Suppose n + 3 - 10 = 3*t, t - 3*n = -5. Calculate m(t).
-5
Suppose 0 = 2*z + o + 3, 15 = 2*z - 5*o. Let x(i) be the second derivative of i**3/6 + 9*i**2/2 - 24*i. Give x(z).
9
Let t(l) be the first derivative of l**2/2 + 5*l - 3. Let r(o) = -3. Let m(v) = -7*r(v) - 4*t(v). Calculate m(-1).
5
Let u(s) = 5*s**2 - s - 2. Let d be u(-1). Let b(x) = x**3 - 4*x**2. Calculate b(d).
0
Let l be (-1)/2*(1 + -3). Let i(r) be the first derivative of 3*r**4/2 - r**3/3 - r**2/2 + r + 12. Calculate i(l).
5
Let y(c) = -c + 5 - c + 6*c. Determine y(-4).
-11
Let o(s) = 4 - 1 + 0 - s**2 + 4*s + 1. Determine o(5).
-1
Suppose -5*j - d = -18, -2*j + 5 = -5*d - 13. Let a(n) = n**2 - 3*n - 1. What is a(j)?
3
Let w(n) be the first derivative of n**3 - n**2/2 - 2*n - 77. What is w(-2)?
12
Suppose 0 = -0*g - 2*g. Let c = 3 + g. Let l be (4/(-5))/(c/15). Let i(s) = s + 4. What is i(l)?
0
Let h(m) = -5*m**2 + 2*m + 17. Let y(j) = -2*j**2 + j + 6. Let n(k) = 3*h(k) - 8*y(k). Determine n(4).
11
Let x(g) = 1. Let p(n) = -2*n + 2. Let d(h) = -p(h) - 2*x(h). Let a be -1 + 2 + (-2 - -4). Let j be 3/(a/(-2)) + 7. Give d(j).
6
Suppose 4*r - 3*z = -9 - 1, 0 = r - 4*z - 4. Let n(v) = v**2 + 6*v + 2. Calculate n(r).
-6
Suppose 0 = r - 2*r. Let y(k) = 4*k + r*k + 2 + 2*k**2 + 0*k - 8*k. What is y(2)?
2
Let q(g) = -3*g**2 + g. Let s be (-16)/(-20)*(-15)/(-3). Suppose -6*j = -2*j - s. What is q(j)?
-2
Let p(u) = u - 3. Let z(d) be the third derivative of -d**6/120 - d**5/12 + d**3/2 + d**2. Let k be z(-5). Suppose -4*t + k*t = -3. Give p(t).
0
Let m(s) = 9*s**3 - 23*s**3 + 2*s**2 + 2 - 3. Suppose 0 = 7*v - 3 - 4. Calculate m(v).
-13
Let c(g) = 3*g - 6. Let z(w) = -4*w + 6. Let f(l) = -3*c(l) - 2*z(l). Give f(0).
6
Suppose -58 = 5*l - 183. Suppose -6*p = -p + l. Let h(i) = -i**2 - 3*i + 2. Calculate h(p).
-8
Suppose -5*j + 1 + 39 = -5*u, 4*u - 2*j + 22 = 0. Let c(n) = n**3 + 3*n**2 - n + 4. What is c(u)?
7
Suppose l + 4 = -l, 0 = 3*a + 3*l. Let d(h) = -1 - 9*h - 4*h**a + 9*h. Calculate d(-1).
-5
Let l(j) = 3*j**2 + 7*j + 13. Let w(r) = 2*r**2 + 5*r + 9. Let v(u) = 5*l(u) - 8*w(u). What is v(-6)?
-13
Let g(u) = -u**3 - 4*u**2 - 3*u + 6. Let q(z) = -2*z**3 - 9*z**2 - 7*z + 11. Let i(n) = 5*g(n) - 3*q(n). What is i(-6)?
-3
Let p(g) = -g - 13 + 0*g + 0*g. Calculate p(-7).
-6
Let p = 5 + -8. Let y(v) = 5*v + 5. Let n(d) = 9*d + 9. Let u(i) = -3*n(i) + 5*y(i). Let z be u(p). Let q(m) = -m**2 + 4*m + 1. Calculate q(z).
1
Let m(k) = -2*k + 1. Let z(w) = -w**3 + 7*w**2 + w - 5. Let h be z(7). What is m(h)?
-3
Let w = -3 - 2. Let r = -1 - w